{"id":18,"date":"2021-06-21T10:42:58","date_gmt":"2021-06-21T08:42:58","guid":{"rendered":"https:\/\/holy-foxxes.de\/?page_id=18"},"modified":"2026-03-13T09:23:15","modified_gmt":"2026-03-13T08:23:15","slug":"musik","status":"publish","type":"page","link":"https:\/\/holy-foxxes.de\/","title":{"rendered":"musik"},"content":{"rendered":"\t\t<div data-elementor-type=\"wp-page\" data-elementor-id=\"18\" class=\"elementor elementor-18\">\n\t\t\t\t\t\t<section class=\"elementor-section elementor-top-section elementor-element elementor-element-22c67a0 elementor-section-boxed elementor-section-height-default elementor-section-height-default\" data-id=\"22c67a0\" data-element_type=\"section\" data-e-type=\"section\">\n\t\t\t\t\t\t<div class=\"elementor-container elementor-column-gap-default\">\n\t\t\t\t\t<div class=\"elementor-column elementor-col-100 elementor-top-column elementor-element elementor-element-ef3ee5a\" data-id=\"ef3ee5a\" data-element_type=\"column\" data-e-type=\"column\">\n\t\t\t<div class=\"elementor-widget-wrap elementor-element-populated\">\n\t\t\t\t\t\t<div class=\"elementor-element elementor-element-25ee768 elementor-widget elementor-widget-image\" data-id=\"25ee768\" data-element_type=\"widget\" data-e-type=\"widget\" data-widget_type=\"image.default\">\n\t\t\t\t<div class=\"elementor-widget-container\">\n\t\t\t\t\t\t\t\t\t\t\t\t\t\t\t<img fetchpriority=\"high\" decoding=\"async\" width=\"768\" height=\"768\" src=\"https:\/\/holy-foxxes.de\/wp-content\/uploads\/2025\/07\/Foxxes-Pressefoto-768x768.jpg\" class=\"attachment-medium_large size-medium_large wp-image-940\" alt=\"\" srcset=\"https:\/\/holy-foxxes.de\/wp-content\/uploads\/2025\/07\/Foxxes-Pressefoto-768x768.jpg 768w, https:\/\/holy-foxxes.de\/wp-content\/uploads\/2025\/07\/Foxxes-Pressefoto-300x300.jpg 300w, https:\/\/holy-foxxes.de\/wp-content\/uploads\/2025\/07\/Foxxes-Pressefoto-1024x1024.jpg 1024w, https:\/\/holy-foxxes.de\/wp-content\/uploads\/2025\/07\/Foxxes-Pressefoto-150x150.jpg 150w, https:\/\/holy-foxxes.de\/wp-content\/uploads\/2025\/07\/Foxxes-Pressefoto-1536x1536.jpg 1536w, https:\/\/holy-foxxes.de\/wp-content\/uploads\/2025\/07\/Foxxes-Pressefoto-2048x2048.jpg 2048w, https:\/\/holy-foxxes.de\/wp-content\/uploads\/2025\/07\/Foxxes-Pressefoto-600x600.jpg 600w\" sizes=\"(max-width: 768px) 100vw, 768px\" \/>\t\t\t\t\t\t\t\t\t\t\t\t\t\t\t<\/div>\n\t\t\t\t<\/div>\n\t\t\t\t<div class=\"elementor-element elementor-element-f8c8016 elementor-widget__width-initial elementor-widget elementor-widget-heading\" data-id=\"f8c8016\" data-element_type=\"widget\" data-e-type=\"widget\" data-widget_type=\"heading.default\">\n\t\t\t\t<div class=\"elementor-widget-container\">\n\t\t\t\t\t<h2 class=\"elementor-heading-title elementor-size-default\">Wer sind wir ?<\/h2>\t\t\t\t<\/div>\n\t\t\t\t<\/div>\n\t\t\t\t<div class=\"elementor-element elementor-element-26ce859 elementor-widget__width-initial elementor-widget elementor-widget-text-editor\" data-id=\"26ce859\" data-element_type=\"widget\" data-e-type=\"widget\" data-widget_type=\"text-editor.default\">\n\t\t\t\t<div class=\"elementor-widget-container\">\n\t\t\t\t\t\t\t\t\t<p data-start=\"242\" data-end=\"521\"><span style=\"font-size: 10.0pt; line-height: 107%;\">Als vierk\u00f6pfige Akustik-Band aus dem Raum Goslar machen wir Musik mit Herz und Seele. In der Besetzung mit Frontfrau und S\u00e4ngerin Ramona, Frank an der Gitarre, Steffen am Bass und Sascha an den Drums geh\u00f6ren haupts\u00e4chlich deutschsprachige Songs zu unserem Repertoire.<\/span><\/p>\t\t\t\t\t\t\t\t<\/div>\n\t\t\t\t<\/div>\n\t\t\t\t<div class=\"elementor-element elementor-element-873931c elementor-widget elementor-widget-heading\" data-id=\"873931c\" data-element_type=\"widget\" data-e-type=\"widget\" data-widget_type=\"heading.default\">\n\t\t\t\t<div class=\"elementor-widget-container\">\n\t\t\t\t\t<h2 class=\"elementor-heading-title elementor-size-default\">Was spielen wir so f\u00fcr Musik ?<\/h2>\t\t\t\t<\/div>\n\t\t\t\t<\/div>\n\t\t\t\t<div class=\"elementor-element elementor-element-1449045 elementor-widget elementor-widget-text-editor\" data-id=\"1449045\" data-element_type=\"widget\" data-e-type=\"widget\" data-widget_type=\"text-editor.default\">\n\t\t\t\t<div class=\"elementor-widget-container\">\n\t\t\t\t\t\t\t\t\t<p>Neben einer Reihe von eigenen Songs, die vom aufs Korn genommenen Alltagsgeschehen, von purer Lebensfreude, von Zwischenmenschlichem und kritischem Zeitgeist handeln, covern wir zum Beispiel St\u00fccke der Toten Hosen, der Broilers, von Christina St\u00fcrmer, Mono Inc., Versengold, Faber, den Sportfreunden Stiller, von Joachim Witt oder den \u00c4rzten.<\/p><p>Wenn die Foxxes mal englischsprachig unterwegs sind, kommen die Songs gern zum Beispiel von Mando Diao, Frankie goes to Hollywood, The Animals, Kodaline, Corey Taylor oder John Denver.<\/p><p><div style=\"width: 854px;\" class=\"wp-video\"><video class=\"wp-video-shortcode\" id=\"video-18-1\" width=\"854\" height=\"480\" poster=\"https:\/\/holy-foxxes.de\/wp-content\/uploads\/2026\/03\/Juergenohl-scaled.jpeg\" preload=\"auto\" controls=\"controls\"><source type=\"video\/mp4\" src=\"https:\/\/holy-foxxes.de\/wp-content\/uploads\/2026\/03\/Stadtteilfest_Juergenohl_2024_06_151.mp4?_=1\" \/><a href=\"https:\/\/holy-foxxes.de\/wp-content\/uploads\/2026\/03\/Stadtteilfest_Juergenohl_2024_06_151.mp4\">https:\/\/holy-foxxes.de\/wp-content\/uploads\/2026\/03\/Stadtteilfest_Juergenohl_2024_06_151.mp4<\/a><\/video><\/div><\/p>\t\t\t\t\t\t\t\t<\/div>\n\t\t\t\t<\/div>\n\t\t\t\t<div class=\"elementor-element elementor-element-f6682b9 elementor-widget elementor-widget-heading\" data-id=\"f6682b9\" data-element_type=\"widget\" data-e-type=\"widget\" data-widget_type=\"heading.default\">\n\t\t\t\t<div class=\"elementor-widget-container\">\n\t\t\t\t\t<h2 class=\"elementor-heading-title elementor-size-default\">Wo spielen wir ?<\/h2>\t\t\t\t<\/div>\n\t\t\t\t<\/div>\n\t\t\t\t<div class=\"elementor-element elementor-element-e3094bb elementor-widget elementor-widget-text-editor\" data-id=\"e3094bb\" data-element_type=\"widget\" data-e-type=\"widget\" data-widget_type=\"text-editor.default\">\n\t\t\t\t<div class=\"elementor-widget-container\">\n\t\t\t\t\t\t\t\t\t<p>Ob lauschige Zuh\u00f6r-Musik oder tanzbare Party-Mucke \u2013 die Holy Foxxes bieten Dir beides. Ob runder Geburtstag, Stadtfest, Vereins- oder Firmenveranstaltung, Kulturveranstaltung oder Akustik-Dinner \u2013 seit 2020 sind wir auf verschiedenen Veranstaltungen pr\u00e4sent. Und: falls nicht vorhanden, bringen wir eigene Technik (Beschallung, Beleuchtung) und einen eigenen Tontechniker mit.<\/p>\t\t\t\t\t\t\t\t<\/div>\n\t\t\t\t<\/div>\n\t\t\t\t<div class=\"elementor-element elementor-element-83b5259 elementor-widget elementor-widget-heading\" data-id=\"83b5259\" data-element_type=\"widget\" data-e-type=\"widget\" data-widget_type=\"heading.default\">\n\t\t\t\t<div class=\"elementor-widget-container\">\n\t\t\t\t\t<h2 class=\"elementor-heading-title elementor-size-default\">Du hast Interesse, dass wir auf Deiner \/ Eurer Veranstaltung spielen?<\/span><\/b><\/h2>\t\t\t\t<\/div>\n\t\t\t\t<\/div>\n\t\t\t\t<div class=\"elementor-element elementor-element-9c1a9b6 elementor-widget elementor-widget-text-editor\" data-id=\"9c1a9b6\" data-element_type=\"widget\" data-e-type=\"widget\" data-widget_type=\"text-editor.default\">\n\t\t\t\t<div class=\"elementor-widget-container\">\n\t\t\t\t\t\t\t\t\t<p style=\"text-align: justify;\"><span style=\"font-size: 10pt;\">Das ist super!! Dann teile uns bitte folgende Daten mit:<\/span><\/p><ul><li><span style=\"font-size: 10pt;\">Datum\u00a0<\/span><span style=\"font-size: 14px;\">und Ort der Veranstaltung<\/span><\/li><li><span style=\"font-size: 10pt;\">Art\u00a0<\/span><span style=\"font-size: 14px;\">der Veranstaltung<\/span><\/li><li><span style=\"font-size: 10pt; text-indent: -18pt;\">Ungef\u00e4hre Anzahl der G\u00e4ste<\/span><span style=\"font-size: 14px;\">\u00a0 \u00a0<\/span><\/li><li><span style=\"font-size: 10pt;\">Ist eigene\u00a0<\/span><span style=\"font-size: 14px;\">Technik vorhanden?\u00a0 \u00a0 \u00a0 \u00a0<\/span><\/li><li><span style=\"font-size: 10pt;\">Gew\u00fcnscht\u00a0<\/span><span style=\"font-size: 14px;\">Dauer unseres Gigs<\/span><\/li><\/ul><p><span style=\"font-size: 14px;\">Wir melden uns ganz schnell bei Dir zur\u00fcck, wenn Du uns auf\u00a0<\/span><span style=\"text-align: justify; font-size: 10pt; line-height: 107%;\"><b>info@<\/b><\/span><b style=\"font-size: 14px; text-align: justify;\"><span style=\"font-size: 10.0pt; line-height: 107%;\">holy-foxxes.de<\/span><\/b><span style=\"text-align: justify; font-size: 10pt; line-height: 107%;\">\u00a0<\/span><span style=\"text-align: justify; font-size: 10pt;\">eine Nachricht zukommen l\u00e4sst \u2013 und <\/span><span style=\"text-align: justify; font-size: 10pt;\">in der Zwischenzeit schau doch einfach mal auf unserem Instagram- oder Facebook-Kanal (die jeweiligen Links findest Du ganz oben auf dieser Seite &#8211; direkt unter unserem Bandlogo) vorbei. Da gibt\u2019s Bilder, Videos und vieles mehr&#8230;<\/span><\/p>\t\t\t\t\t\t\t\t<\/div>\n\t\t\t\t<\/div>\n\t\t\t\t\t<\/div>\n\t\t<\/div>\n\t\t\t\t\t<\/div>\n\t\t<\/section>\n\t\t\t\t<\/div>\n\t\t","protected":false},"excerpt":{"rendered":"<p>Wer sind wir ? Als vierk\u00f6pfige Akustik-Band aus dem Raum Goslar machen wir Musik mit Herz und Seele. In der Besetzung mit Frontfrau und S\u00e4ngerin Ramona, Frank an der Gitarre, Steffen am Bass und Sascha an den Drums geh\u00f6ren haupts\u00e4chlich deutschsprachige Songs zu unserem Repertoire. Was spielen wir so f\u00fcr Musik ? Neben einer Reihe [&hellip;]<\/p>\n","protected":false},"author":1,"featured_media":0,"parent":0,"menu_order":0,"comment_status":"closed","ping_status":"closed","template":"","meta":{"ocean_post_layout":"full-screen","ocean_both_sidebars_style":"","ocean_both_sidebars_content_width":0,"ocean_both_sidebars_sidebars_width":0,"ocean_sidebar":"0","ocean_second_sidebar":"0","ocean_disable_margins":"enable","ocean_add_body_class":"","ocean_shortcode_before_top_bar":"","ocean_shortcode_after_top_bar":"","ocean_shortcode_before_header":"","ocean_shortcode_after_header":"","ocean_has_shortcode":"","ocean_shortcode_after_title":"","ocean_shortcode_before_footer_widgets":"","ocean_shortcode_after_footer_widgets":"","ocean_shortcode_before_footer_bottom":"","ocean_shortcode_after_footer_bottom":"","ocean_display_top_bar":"on","ocean_display_header":"off","ocean_header_style":"","ocean_center_header_left_menu":"0","ocean_custom_header_template":"0","ocean_custom_logo":0,"ocean_custom_retina_logo":0,"ocean_custom_logo_max_width":0,"ocean_custom_logo_tablet_max_width":0,"ocean_custom_logo_mobile_max_width":0,"ocean_custom_logo_max_height":0,"ocean_custom_logo_tablet_max_height":0,"ocean_custom_logo_mobile_max_height":0,"ocean_header_custom_menu":"0","ocean_menu_typo_font_family":"0","ocean_menu_typo_font_subset":"","ocean_menu_typo_font_size":0,"ocean_menu_typo_font_size_tablet":0,"ocean_menu_typo_font_size_mobile":0,"ocean_menu_typo_font_size_unit":"px","ocean_menu_typo_font_weight":"","ocean_menu_typo_font_weight_tablet":"","ocean_menu_typo_font_weight_mobile":"","ocean_menu_typo_transform":"","ocean_menu_typo_transform_tablet":"","ocean_menu_typo_transform_mobile":"","ocean_menu_typo_line_height":0,"ocean_menu_typo_line_height_tablet":0,"ocean_menu_typo_line_height_mobile":0,"ocean_menu_typo_line_height_unit":"","ocean_menu_typo_spacing":0,"ocean_menu_typo_spacing_tablet":0,"ocean_menu_typo_spacing_mobile":0,"ocean_menu_typo_spacing_unit":"","ocean_menu_link_color":"","ocean_menu_link_color_hover":"","ocean_menu_link_color_active":"","ocean_menu_link_background":"","ocean_menu_link_hover_background":"","ocean_menu_link_active_background":"","ocean_menu_social_links_bg":"","ocean_menu_social_hover_links_bg":"","ocean_menu_social_links_color":"","ocean_menu_social_hover_links_color":"","ocean_disable_title":"on","ocean_disable_heading":"default","ocean_post_title":"","ocean_post_subheading":"","ocean_post_title_style":"","ocean_post_title_background_color":"","ocean_post_title_background":0,"ocean_post_title_bg_image_position":"","ocean_post_title_bg_image_attachment":"","ocean_post_title_bg_image_repeat":"","ocean_post_title_bg_image_size":"","ocean_post_title_height":0,"ocean_post_title_bg_overlay":0.5,"ocean_post_title_bg_overlay_color":"","ocean_disable_breadcrumbs":"default","ocean_breadcrumbs_color":"","ocean_breadcrumbs_separator_color":"","ocean_breadcrumbs_links_color":"","ocean_breadcrumbs_links_hover_color":"","ocean_display_footer_widgets":"default","ocean_display_footer_bottom":"default","ocean_custom_footer_template":"0","footnotes":""},"class_list":["post-18","page","type-page","status-publish","hentry","entry"],"_links":{"self":[{"href":"https:\/\/holy-foxxes.de\/index.php?rest_route=\/wp\/v2\/pages\/18","targetHints":{"allow":["GET"]}}],"collection":[{"href":"https:\/\/holy-foxxes.de\/index.php?rest_route=\/wp\/v2\/pages"}],"about":[{"href":"https:\/\/holy-foxxes.de\/index.php?rest_route=\/wp\/v2\/types\/page"}],"author":[{"embeddable":true,"href":"https:\/\/holy-foxxes.de\/index.php?rest_route=\/wp\/v2\/users\/1"}],"replies":[{"embeddable":true,"href":"https:\/\/holy-foxxes.de\/index.php?rest_route=%2Fwp%2Fv2%2Fcomments&post=18"}],"version-history":[{"count":614,"href":"https:\/\/holy-foxxes.de\/index.php?rest_route=\/wp\/v2\/pages\/18\/revisions"}],"predecessor-version":[{"id":1025,"href":"https:\/\/holy-foxxes.de\/index.php?rest_route=\/wp\/v2\/pages\/18\/revisions\/1025"}],"wp:attachment":[{"href":"https:\/\/holy-foxxes.de\/index.php?rest_route=%2Fwp%2Fv2%2Fmedia&parent=18"}],"curies":[{"name":"wp","href":"https:\/\/api.w.org\/{rel}","templated":true}]}}